z = h - -3. Suppose 5*y + 3*i - 6*i = 2242, 0 = -z*y - 2*i + 900. Is y prime?
True
Suppose 2*r - 100 = -3*y + r, -3*y + 80 = 5*r. Is y composite?
True
Let h(x) = 48*x**2 - 29*x - 7. Is h(-4) a composite number?
False
Let c(k) = -70 + 3*k - 4*k + 69 + 162. Is c(0) composite?
True
Suppose 949 = 4*p - 1339. Let q be (p/8)/((-1)/(-6)). Suppose 3*s - q = -0*s. Is s a composite number?
True
Let h be -5 + 1 - 36/(-2). Let j = h - 12. Suppose 0 = -3*f - j*f + 55. Is f a prime number?
True
Let g(q) = -387*q - 10. Is g(-3) prime?
True
Suppose -5*d + 1487 = -4*f - 4*d, 3*d - 1857 = 5*f. Let i = f - -232. Let a = 253 + i. Is a a composite number?
False
Let z be 1 - (-1 + 1)/2. Let w be (250 - 5) + (-2)/z. Suppose -2*h + w = -3*j + 2*j, 5*h + 5*j = 570. Is h composite?
True
Suppose -2*u = -4*a + a - 36, 0 = -a + 4. Let m(s) = -s**3 - 5*s**2 + 17*s + 9. Let h be m(-7). Is (-635)/(-2) + h/u prime?
True
Is ((-246)/(-328))/(1/25372) prime?
False
Suppose -2*h + 16 = -0. Let o(t) = 2*t + 10*t - 11 + 8*t. Is o(h) composite?
False
Is (39/(-13) + 986)*7 a composite number?
True
Suppose -10*h - 2*h + 192 = 0. Is 2*(4494/h)/((-6)/(-8)) prime?
False
Suppose -2*f - 3*c = -313, f + 34 - 192 = -3*c. Let h be (339 - -1)*(-2)/(-4). Suppose -5*u + h = -f. Is u prime?
False
Is (-3 - 11/((-11)/21272))*1 a prime number?
True
Suppose 0 = -4*v + 3*k + 103, 0*v = -v - 3*k + 7. Suppose 0 = -2*q + v - 298. Let f = q + 361. Is f a composite number?
False
Is (1 - (-2 + 6)) + 790/1 a prime number?
True
Let o be 16*(1 + 3/(-6)). Suppose -o*h + 5*h + 6153 = 0. Is h composite?
True
Suppose 49 = 2*r - 1. Let j = 6 - r. Is j/3*(-33 - 0) composite?
True
Suppose 2*n + 54 = 3*n + d, -n - 2*d + 55 = 0. Let k(t) = t**3 + 12*t**2 + 9*t - 4. Let f be k(-10). Let r = f - n. Is r composite?
False
Let r be ((-6)/(-8))/((-9)/(-48)). Suppose -r*o - 8 + 1636 = 0. Is o composite?
True
Suppose 18*z - 14*z + 64 = 0. Is ((-56)/z - 3)/((-2)/(-2716)) prime?
False
Let w(n) = -2118*n**3 + n + 2. Let p be w(-1). Is p/(-2)*(-10)/5 composite?
True
Let z be 3/2*(-16)/(-24). Is z/(4 + 123/(-31)) a composite number?
False
Suppose 0 = 184*t - 87*t - 2458853. Is t composite?
False
Is 3356 + -6 + -3 - 6 composite?
True
Let l(b) = 101*b - 2. Let t be l(1). Let y be (-5 + 1)*(-6)/(-8). Is (-1 - 0) + t + y a prime number?
False
Suppose -230*v - 149895 = -239*v. Is v prime?
False
Is (-3)/15*-5*15103 a prime number?
False
Suppose 0 = 11*k - 12349 - 1456. Is k a composite number?
True
Suppose 3*s - 8*s + 79090 = 5*k, -3*s - 2*k = -47451. Is s prime?
False
Suppose -17*d + 88847 + 72126 = 0. Is d a prime number?
False
Is 6305400/315 - (-2)/(14/(-1)) composite?
True
Let y be 17 - (-3 + 7 - 2). Suppose -22 = -2*u - 4*w, -4*u - 5*w = -y - 14. Is (-758)/u*1/(-2) prime?
True
Suppose 3388 = 10*x - 5402. Is x a prime number?
False
Suppose 0 = c - 2*f + 65 + 103, -f + 327 = -2*c. Let o = c - -247. Is o prime?
False
Let g = 3164 + -1479. Is g a composite number?
True
Suppose -38434 = -4*x - 7*x. Is x composite?
True
Let h be (-312)/(-18)*(-6)/4. Is (-13)/h + 129/2 prime?
False
Let u = -2227 + 3817. Suppose u = 3*g - 2*y - y, -3*y - 2123 = -4*g. Is g a composite number?
True
Let i = -1508 + 3603. Is i composite?
True
Suppose -32985 = 9*t - 94500. Is t a composite number?
True
Let i(m) = 31*m**2 + 21. Is i(8) prime?
False
Let w(p) = p**2 + p. Let n be w(1). Suppose -2*v - 1463 = -5*b, n*b + v = 5*v + 582. Is b a prime number?
True
Suppose -4*b - 5*h + 2672 = 0, 5*b - b = 4*h + 2708. Is b prime?
True
Let p = 2698 - 745. Let o = p + -834. Is o a prime number?
False
Let f(r) = -2*r + 2. Let g(k) = k**3 + 8*k**2 - k - 8. Let m be g(-8). Let o be f(m). Suppose a - 649 = -o*a - 4*d, 0 = 5*d + 25. Is a a composite number?
False
Let m = -537 - -967. Let p = m - 179. Is p prime?
True
Suppose 4*g - 14012 - 75564 = 0. Is g a composite number?
True
Suppose 2*o = 5*o + 2829. Let y = -534 - o. Is y a composite number?
False
Let g be ((-15)/10)/((-4)/2360). Is 2 + 2 + g/1 a composite number?
True
Suppose 94*g - 17927 = 87*g. Is g prime?
False
Let i(d) = 9*d**2 + 3*d - 7. Suppose x = 3*v + 5, -x - 5*v + 20 = 3*x. Let h be i(x). Let o = h - 148. Is o composite?
True
Let w be 4/(-12)*-2*555. Suppose 5*h + w = 10*h. Is h a prime number?
False
Suppose 4*n - 10 = 2. Suppose n*g = -g - 36. Let o = g + 22. Is o composite?
False
Suppose -2*y = -k, 4 = 2*y - 0*y. Suppose -l - k = -5*l. Is ((-6)/(-4))/(l/226) a prime number?
False
Suppose -3*f = -15, -2962 = 2*a - 4*a - 4*f. Is a prime?
True
Suppose 46*g - 795855 - 25843 = 0. Is g prime?
True
Let t = 875 - 474. Is t a composite number?
False
Suppose 0 = 10*c - 6*c - 1584. Suppose -3*j + 297 = k + 4*k, c = 4*j - k. Let m = j + 7. Is m a prime number?
False
Let i(n) = -301*n**2 + n - 5. Let a(v) = -300*v**2 + v - 4. Let z(q) = -6*a(q) + 5*i(q). Is z(1) a composite number?
False
Let d(c) = 105*c - 16. Is d(2) a prime number?
False
Let c(t) = 4*t - 64. Let q be c(16). Is 2295 - 4 - (q + -1 + -1) a composite number?
False
Let h = -58512 - -99625. Is h a prime number?
True
Suppose 10 + 6 = 4*k. Suppose -3*f - 856 + 4747 = 0. Suppose -f + 5369 = k*a. Is a composite?
True
Let w be ((-21)/6 + 5)*-22. Let i be (9/4)/(3/(-8)). Is (-4)/i - 2783/w a composite number?
True
Let x be -2 - -1877 - (-1)/(-1). Suppose -2*k - x = -2*c, 3*k - k = -c + 931. Let w = c - 664. Is w composite?
False
Suppose -5*o = -g - 83, -g - 2*g - 28 = -2*o. Let z = 17 - o. Suppose -3*f - 12 = z, -3*f = -4*d - 6*f + 364. Is d composite?
True
Let d(v) = -65*v**3 + 9*v**2 + 13*v - 13. Suppose -2*f = -f - 2. Let z(a) = -16*a**3 + 2*a**2 + 3*a - 3. Let g(q) = f*d(q) - 9*z(q). Is g(1) a composite number?
True
Suppose 6*u - 4*u + 4*l - 2810 = 0, -5593 = -4*u + l. Is u a composite number?
False
Suppose 3*k = 4*k + 5*r - 25, 0 = -k + 2*r - 3. Suppose 0*m - 40 = -k*w + 5*m, 0 = w + 3*m - 4. Is 55 - ((w - 3) + -2) a prime number?
True
Suppose -10*y = -2*y + 16912. Is y/(-14) + (1*-2 - 0) a prime number?
True
Suppose -7 = c - 3*o, 8 = 5*c + o - 5. Let f be (944/20)/(c/25). Let u = f - 105. Is u a composite number?
True
Let p = 13713 + -5076. Is p a prime number?
False
Let h be 1485 + (0 - -8 - 4). Let f = h - 860. Is f composite?
True
Suppose y - 3*m = -3*y + 36974, -2*m - 18488 = -2*y. Is y a composite number?
True
Suppose -4*a + 23 = -0*a - 3*s, 11 = 3*a - s. Let m(p) = 0 + 1 + 33*p + 18*p + 0. Is m(a) prime?
True
Let n(z) = -3*z**3 + 3*z**2 + 10*z + 7. Is n(-5) a prime number?
False
Suppose -a - 5 = 0, u + 7*a + 21 = 2*a. Suppose 2*n + u*n = 3114. Is n a composite number?
True
Let j(t) = 30*t + 4*t - 1 + 19*t + t. Suppose -o + 0*d = -2*d - 7, 4*o + 5*d + 11 = 0. Is j(o) prime?
True
Suppose -2*x = 3*a - 125 - 42, 0 = 3*a + x - 169. Suppose -675 = -4*t + a. Let v = -62 + t. Is v prime?
False
Suppose n - 4*y + 3 = -3, -n + 3*y = 4. Let o(c) = 4*c + 2 - 1 + 0*c**n - 6*c**2 - c - c**3. Is o(-10) prime?
False
Let r = -441 - -478. Is r prime?
True
Let n(u) be the third derivative of -u**7/180 + 7*u**6/720 + u**5/20 + u**2. Let h(i) be the third derivative of n(i). Is h(-7) a prime number?
False
Let h be 348 + 2/(-3 + 1). Let z = h - -118. Suppose -5*c - 4*o = -z, -o - 204 = -2*c + o. Is c composite?
False
Suppose -2752*o + 167946 = -2746*o. Is o a composite number?
True
Let o(g) = -150*g + 97. Is o(-7) a prime number?
False
Suppose -3*b = -5*t + 214, -3*t + 0*b + 111 = 4*b. Suppose -4*i - 9*i + 1404 = 0. Let h = t + i. Is h prime?
True
Let z = 12 - 27. Let t = z + 19. Suppose 236 = 4*s + t*c, -2*c = -s + 2*c + 59. Is s composite?
False
Let l(j) = -245*j - 39. Is l(-10) a composite number?
False
Let m be ((-8)/12)/((-4)/(-78)). Is (1259/(-2))/(m/26) prime?
True
Suppose -2*c + r = -9, -c = -5*c - 5*r - 3. Let z(v) = 76*v**2 - 5*v. Is z(c) composite?
True
Suppose -b = -3*n - 15, 6*n - n = -3*b - 39. Is (-4405 + -8)*2/n a composite number?
False
Let a(t) = 12*t + 5. Let p(w) = w**2 + 4*w + 12. Let z be p(-5). Is a(z) composite?
True
Let m(z) = z**3 + 9*z**2 + 3. Let k be m(-9). Let t(d) = -k*d + 9*d + d - 4*d**2 - 17 - d**3 + 16*d**2. Is t(12) prime?
True
Let y(d) = -24*d**3 - 11*d**2 - 4*d - 6. Is y(-7) composite?
True
Let w(t) = 92*t**2 + 2*t - 23. Let x(d) = -3*d**2 + 7*d - 11. Let m be x(2). Is w(m) prime?
True
Suppose -4*k - 1862 = -6*k - 4*s, 5*s + 1889 = 2*k.